
True
Is 151075835 prime?
False
Is 14121127 a composite number?
False
Is 505201909 prime?
False
Is 10634511 a prime number?
False
Is 66068929 prime?
True
Is 133180469 prime?
False
Is 47178307 a composite number?
True
Is 136785217 a prime number?
True
Is 67146199 prime?
True
Is 8978909 prime?
True
Is 6704938 a composite number?
True
Is 32867741 prime?
True
Is 20582993 composite?
True
Is 479784358 prime?
False
Is 1609009 a prime number?
True
Is 145181293 prime?
False
Is 15761917 composite?
True
Is 3523985 a prime number?
False
Is 468171271 a prime number?
True
Is 28594469 a composite number?
True
Is 5938321 a prime number?
False
Is 819214367 a prime number?
False
Is 210796589 prime?
False
Is 319993 a composite number?
False
Is 211061677 a prime number?
False
Is 90313 a prime number?
True
Is 18639249 composite?
True
Is 11296301 a prime number?
True
Is 302681 prime?
True
Is 45735313 composite?
True
Is 689881 a composite number?
True
Is 123603177 a composite number?
True
Is 330899201 a composite number?
True
Is 75242701 a prime number?
True
Is 96173713 a composite number?
True
Is 1387163 a prime number?
True
Is 39652243 a composite number?
True
Is 217739527 prime?
False
Is 24358021 composite?
False
Is 339758557 composite?
False
Is 2596543 prime?
False
Is 3211069 composite?
False
Is 18437357 a composite number?
False
Is 12017911 composite?
True
Is 19506581 composite?
True
Is 167625737 prime?
True
Is 52055177 prime?
False
Is 3134797 a composite number?
False
Is 60700933 composite?
True
Is 391432063 prime?
False
Is 742005245 composite?
True
Is 14873653 prime?
True
Is 39008789 a prime number?
False
Is 15996689 a prime number?
False
Is 1488701 prime?
True
Is 58067369 a composite number?
False
Is 2826299 composite?
True
Is 2199739 composite?
False
Is 2608399 prime?
False
Is 45773779 composite?
False
Is 16147591 a prime number?
True
Is 37320691 a prime number?
True
Is 14855551 prime?
False
Is 648707 composite?
True
Is 57734399 a composite number?
False
Is 95593 a composite number?
True
Is 14332663 composite?
False
Is 2525557 a composite number?
False
Is 167095319 a composite number?
False
Is 61782713 a prime number?
False
Is 434141 a prime number?
True
Is 477933 composite?
True
Is 3031603 composite?
False
Is 41805349 composite?
True
Is 5139143 composite?
True
Is 1763056259 composite?
True
Is 32344117 prime?
False
Is 46679198 composite?
True
Is 22445471 prime?
False
Is 1149049 prime?
False
Is 84901199 prime?
False
Is 3920451 a composite number?
True
Is 139007399 a composite number?
False
Is 68878223 prime?
True
Is 1295369 a prime number?
True
Is 18201839 a composite number?
False
Is 43750003 composite?
True
Is 3891509 a prime number?
False
Is 187898041 a prime number?
False
Is 41430497 a composite number?
False
Is 56320819 prime?
False
Is 40734113 prime?
False
Is 41008853 prime?
True
Is 15867979 a prime number?
False
Is 8097121 prime?
False
Is 18717137 prime?
False
Is 5236757 prime?
False
Is 42169717 a composite number?
True
Is 4743461 composite?
False
Is 74637287 composite?
True
Is 17516987 a prime number?
False
Is 42554609 prime?
False
Is 3766783 composite?
False
Is 6153011 a composite number?
True
Is 28633439 prime?
True
Is 3066211 composite?
False
Is 28531621 prime?
False
Is 791617 composite?
True
Is 6363583 composite?
False
Is 111272933 composite?
True
Is 163791769 a composite number?
False
Is 25076197 composite?
True
Is 140838337 a composite number?
False
Is 17981863 prime?
False
Is 93401087 prime?
False
Is 10337057 a composite number?
False
Is 367949 a composite number?
False
Is 82149419 a composite number?
True
Is 54236141 composite?
False
Is 429473923 a composite number?
False
Is 49301261 composite?
True
Is 18645331 a prime number?
True
Is 18301 prime?
True
Is 59960909 prime?
False
Is 2885837 prime?
True
Is 20535533 composite?
False
Is 158624683 prime?
False
Is 3357061 a composite number?
False
Is 4261313 composite?
True
Is 700501 prime?
False
Is 57986939 prime?
True
Is 1042553 prime?
False
Is 92626381 composite?
False
Is 9798379 a prime number?
True
Is 107912671 composite?
True
Is 17778269 a prime number?
True
Is 5563111 prime?
False
Is 16056358 a composite number?
True
Is 709201 a composite number?
False
Is 27702613 a composite number?
False
Is 206749 composite?
False
Is 15487091 a composite number?
True
Is 1267447 a composite number?
False
Is 2812991 a prime number?
False
Is 419201 a composite number?
False
Is 24548443 a prime number?
True
Is 71447 a prime number?
False
Is 116318897 composite?
False
Is 313077971 prime?
True
Is 647837 prime?
True
Is 6309551 prime?
True
Is 40796555 a prime number?
False
Is 161054666 prime?
False
Is 12659551 a composite number?
True
Is 13762363 a prime number?
True
Is 40742701 a prime number?
True
Is 145794947 a prime number?
False
Is 1277863945 composite?
True
Is 30970109 composite?
True
Is 69072551 a prime number?
True
Is 329708909 a composite number?
True
Is 5775239 composite?
False
Is 47221247 a prime number?
False
Is 26910641 prime?
True
Is 9693197 a composite number?
False
Is 22105217 a prime number?
True
Is 3463951 a composite number?
True
Is 786263 a prime number?
False
Is 1849871 a composite number?
True
Is 4049789 a composite number?
False
Is 10048589 prime?
False
Is 1588333 a prime number?
True
Is 811147 a composite number?
False
Is 3359546 composite?
True
Is 26214829 a prime number?
False
Is 55069 composite?
True
Is 5631571 a composite number?
True
Is 7806173 composite?
True
Is 4403617 a composite number?
False
Is 2260519 prime?
True
Is 566496131 composite?
True
Is 115189301 a prime number?
True
Is 632229901 a composite number?
False
Is 215771741 prime?
True
Is 4157497 prime?
False
Is 285214 composite?
True
Is 8386123 composite?
False
Is 8538637 a prime number?
True
Is 88226786 a prime number?
False
Is 1201877 composite?
True
Is 15727 prime?
True
Is 2311957 prime?
True
Is 11646961 a prime number?
True
Is 2617871 a prime number?
False
Is 46924873 composite?
False
Is 25914817 composite?
True
Is 1584980759 prime?
False
Is 7216511 a composite number?
True
Is 126346097 a composite number?
False
Is 161710763 composite?
False
Is 444702773 a prime number?
False
Is 110173621 prime?
False
Is 20134537 a prime number?
False
Is 103578677 prime?
False
Is 82829947 a prime number?
True
Is 517960877 a prime number?
False
Is 18529931 a prime number?
False
Is 17234409 prime?
False
Is 23792189 composite?
True
Is 859637 prime?
False
Is 3660911 a prime number?
True
Is 159090421 a composite number?
True
Is 8245121 a composite number?
True
Is 112916623 a composite number?
True
Is 6841537 a composite number?
False
Is 1772759 prime?
True
Is 23009149 a prime number?
True
Is 5765933 a composite number?
False
Is 7909933 a prime number?
True
Is 3974491 prime?
True
Is 67490021 a composite number?
True
Is 155298629 composite?
False
Is 34497943 a prime number?
True
Is 8231609 a prime number?
False
Is 17746987 composite?
False
Is 232844141 a prime number?
True
Is 6100363 composite?
True
Is 718859 composite?
True
Is 4828251 prime?
False
Is 407239867 prime?
True
Is 703433 a composite number?
True
Is 119215313 a prime number?
False
Is 5126291 a composite number?
False
Is 36388267 a prime number?
True
Is 226660457 a prime number?
True
Is 3563401 composite?
False
Is 1094243 a composite number?
True
Is 4815911 prime?
False
Is 15519971 a prime number?
True
Is 47162399 a prime number?
False
Is 688994959 a composite number?
False
Is 553497367 composite?
False
Is 4944439 a composite number?
True
Is 780323 prime?
True
Is 42668551 a composite number?
True
Is 31924241 composite?
True
Is 2067467 a prime number?
False
Is 4917183 composite?
True
Is 280043017 prime?
True
Is 309156347 a composite number?
False
Is 55476301 prime?
True
Is 156554987 prime?
True
Is 2521 a prime number?
True
Is 23004013 prime?
True
Is 4195247 prime?
False
Is 4585331 prime?
True
Is 444260081 a prime number?
True
Is 35170339 a prime number?
True
Is 427939 a prime number?
True
Is 174024379 composite?
True
Is 23378939 a composite number?
False
Is 3794633 prime?
False
Is 678451 prime?
True
Is 2471317 a prime number?
False
Is 1953169 a composite number?
True
Is 384005 composite?
True
Is 1189151 a composite number?
False
Is 4294487 prime?
False
Is 491467 composite?
True
Is 101